+ 2. Let j(h) = -2*h**2 + 1. Let i be j(z). Let w(b) = -20*b - 1. What is the remainder when 37 is divided by w(i)?
18
What is the remainder when 84 is divided by -116*5/(5 - 25)?
26
Let n = 589 - 574. Calculate the remainder when 77 is divided by n.
2
Let v(s) = -s + s + 5*s - 3*s + 3. Let y be v(4). Suppose y = p - 34. What is the remainder when p is divided by 16?
13
Suppose -3*l - 8 - 123 = 2*b, 3*l + 3*b = -132. Let d = l + 59. What is the remainder when 60 is divided by d?
12
Suppose 32 = -5*p + 137. Let l(k) = -k**2 + 6*k - 4. Suppose -4 = 3*a - 16. What is the remainder when p is divided by l(a)?
1
Let n = 971 - 789. What is the remainder when n is divided by 29?
8
Let l be 24/(-20)*(-1 + -4). Let c be 5/(15/l) + -1. Suppose 4*t - 89 = 3*n + c, -92 = -4*t + 4*n. What is the remainder when 61 is divided by t?
19
Let a = -90 - -285. Calculate the remainder when a is divided by (-15)/15*-33*1.
30
Let s(h) = -h**3 - 9*h**2 - 3*h + 3. Let a = 44 - 27. What is the remainder when s(-9) is divided by a?
13
Suppose -4*r - r = 4*t - 88, -8 = 2*r. Let l = 52 - 47. Suppose b + 212 = l*b. What is the remainder when b is divided by t?
26
Let r = -87 + 42. Let d be 8/(r/24 + 2). Let g = d - 33. Calculate the remainder when g is divided by 17.
14
Let g(m) = -2*m**2 + 11*m. Calculate the remainder when 55 is divided by g(4).
7
Let v(g) = -23*g - 3. Calculate the remainder when v(-2) is divided by ((-352)/(-64))/(1/2).
10
What is the remainder when 147*(10 - 9) - -3 is divided by 26?
20
Let l(y) = -y**3 + 5*y**2 + y. Let c be (1/2)/(2/(-8)). Let b = c - -6. Calculate the remainder when 39 is divided by l(b).
19
Let s = 47 + -25. Suppose 124 = 3*b + d, -8*d = -4*d + 20. Calculate the remainder when b is divided by s.
21
Let h(u) = u**3 - 7*u**2 + 7*u - 9. Let f be h(6). Let g = 48 + f. Let l = g - 10. What is the remainder when l is divided by 9?
8
Suppose d + 4 - 8 = 0. Suppose 2*q - 4 = d. What is the remainder when 6 is divided by q?
2
Let x(u) = -u - 12. Let q be x(-9). Let c = 53 + 2. Calculate the remainder when c is divided by (-9 - q)*76/(-24).
17
Let r(d) = 6*d**2 - 3*d + 3. Let n be r(1). Let i(x) = -x**2 + 4*x + 29. Suppose 0*s + 10 = s. What is the remainder when i(n) is divided by s?
7
Let w(m) be the second derivative of -m**3/3 + 9*m**2/2 + 3*m. Let i be w(-7). Suppose -3*c + 1 + i = 0. What is the remainder when 23 is divided by c?
7
Let j be 3 + -5*(-2)/5. Suppose -h - h - 2*p = -30, -j*p = -5*h + 45. Calculate the remainder when (-18)/h + (-27)/(-2) is divided by 4.
0
Suppose -30*s + 1172 = -1288. What is the remainder when s is divided by 4?
2
What is the remainder when (-5)/(-2) - 1*(-4632)/16 is divided by 90?
22
Let x be 230/40 + 1/4. Let t be (-4)/(-8 - 4)*x. Suppose 3*p + 4*g - 87 = 0, 3*p = 2*g + t*g + 87. What is the remainder when p is divided by 10?
9
Let p(n) = n**2 - 2*n - 86. Calculate the remainder when 39 is divided by p(11).
0
Let w = -8 + 5. Let k = 5 - w. Calculate the remainder when 42 is divided by -2*2/k*-22.
9
Calculate the remainder when 179 + -1 + 7 - -9 is divided by 21.
5
Suppose -5*d + 0*d + 1260 = -5*k, 4*d = -2*k + 1008. Suppose -3*m - 4*p = -m - 158, -p + d = 3*m. Calculate the remainder when m is divided by 22.
19
Let g be (-2)/3 + (-34)/3. Let k(c) = -c**2 - 14*c - 4. Let a = 37 - 30. What is the remainder when k(g) is divided by a?
6
Let n(q) = q**2 + q + 6. Let s be (0 + -1)*(-14 + 8). Calculate the remainder when n(s) is divided by 17.
14
Suppose -2*v + 4 = 2*y, 6*y - 11*y + v + 34 = 0. Calculate the remainder when 124 is divided by y.
4
Suppose -4*f + l = -61, 2*f - 4*f + 20 = -4*l. Let y(i) = 2*i + f + i**2 - 9*i - 3*i - 4*i. Calculate the remainder when 8 is divided by y(13).
2
Let x(b) = b + 1. What is the remainder when 22 is divided by x(11)?
10
Suppose 10 = -2*z + 298. Suppose 9*i - z = -0*i. Calculate the remainder when i is divided by 5.
1
Let k = 665 - 630. Calculate the remainder when 732 is divided by k.
32
Let h(z) = z + 10. Let b be h(-7). What is the remainder when (b - 0/(-5))*3 is divided by 3?
0
Suppose -o + 234 = -4*j - 170, 2*o - 818 = 3*j. Suppose -2*m - 411 = -6*m - 5*k, 0 = 4*m + 4*k - o. What is the remainder when m is divided by 28?
20
Let w = -34 + 29. Let p(b) = -3*b - 11. Calculate the remainder when 10 is divided by p(w).
2
Suppose 2*l + 26 = 3*l. Let r(j) = -j**3 - 4*j**2 - j - 1. Let m be r(-3). Let k = m + l. Calculate the remainder when 73 is divided by k.
16
Suppose -4*r + 16 = 0, -4*n - 11*r + 8*r = -56. What is the remainder when 100 is divided by n?
1
Let x = 2068 + -1696. What is the remainder when x is divided by 23?
4
Let y(q) = 30*q**2 + q + 1. Suppose 4 = i - 5*i. Let a be y(i). Suppose 10 - a = -j. What is the remainder when 36 is divided by j?
16
Let q(n) = 14*n - 3 - 5*n - n**2 - 12 + 6*n. What is the remainder when 53 is divided by q(13)?
9
Let m = -1229 - -2701. What is the remainder when m is divided by 489?
5
Suppose c = x + 27 + 33, -236 = -4*c + 3*x. Calculate the remainder when c is divided by 26.
4
Suppose d - 2*d + 5 = 0. Let v = 45 + -40. Suppose -4*f + 6*q = 3*q - 74, f = v*q + 27. Calculate the remainder when f is divided by d.
2
Suppose 28*w = 30*w + x - 3, 4*x + 6 = w. Calculate the remainder when 11 is divided by w.
1
Let v(h) = h**2 - 3*h + 7. Let k be v(3). Suppose f + 2*m - 38 = -k, 3*f + 4*m = 103. Calculate the remainder when 81 is divided by f.
40
Let o = -29587 - -29603. Suppose -5*x + 3*x + 2*h + 84 = 0, 38 = x - 2*h. What is the remainder when x is divided by o?
14
Let p = -39 + 87. Suppose 0*x + 3*x = p. What is the remainder when 23 is divided by ((-13)/4)/((-4)/x)?
10
Let t be 2/(-2)*(-2 - 9). Let a = 19 - t. Calculate the remainder when 46 is divided by a.
6
What is the remainder when (248/14)/((-15)/(-105)) is divided by 9?
7
Suppose x + 5*y + 1 + 8 = 0, 3*y = -15. Calculate the remainder when 23 is divided by x.
7
Calculate the remainder when 1 - (36/(-6) + -151) is divided by 16.
14
Calculate the remainder when 563 is divided by (-3 + -210)*-5*(-2)/(-30).
66
Calculate the remainder when 84 is divided by ((-5)/(-30))/((-8)/(-912)).
8
Let x(t) = t**3 + 5*t**2 - 6*t + 13. Let z(d) = d**2 + 10*d + 10. Let u be z(-8). What is the remainder when 37 is divided by x(u)?
11
Suppose 1232 - 5432 = -12*s. What is the remainder when s is divided by 39?
38
Suppose 151 = 6*k + 421. What is the remainder when 104 is divided by 212/6 - 30/k?
32
Let s = -17 + 53. Suppose 0 = -2*a + 3*q + 19, -3*a + 0*q = 3*q - s. Calculate the remainder when 54 is divided by a.
10
Let o = 733 - 528. Calculate the remainder when o is divided by 52.
49
Let g be (12 + -22)*(-2)/4. Suppose 4*m - 15 - g = 0. Calculate the remainder when 11 is divided by m.
1
Suppose 20*z - 7 = 13*z. Calculate the remainder when 67 is divided by z/(-3 + 5 - 45/23).
21
Suppose 16 = -3*z + 4, 5*z + 18 = w. What is the remainder when 62 is divided by 32/(1/(-1 - w))?
30
Suppose -286*t = -273*t - 1937. What is the remainder when 156 is divided by t?
7
Let l(t) = -1. Let y(k) be the third derivative of k**4/6 + 2*k**3/3 + 5*k**2. Let d(w) = -2*l(w) - y(w). Calculate the remainder when 39 is divided by d(-4).
11
Let c = 344 - 326. Calculate the remainder when 125 is divided by c.
17
Suppose 0 = -4*c - 14 + 6, 2*x = 2*c + 14. Suppose 5*u - 125 = -z + 2*z, 2*u + x*z - 77 = 0. Calculate the remainder when 49 is divided by u.
23
Suppose -4*q + 124 = -v + 43, -3*q = 4*v - 37. Suppose -35 = -5*c + 5*r, -7 = -c + 3*r + 4. What is the remainder when q is divided by c?
4
Let o be (-36)/63 - ((-39)/(-7))/(-1). Suppose -2*x + 6*x - 5*t = 155, 0 = o*x - t - 178. Calculate the remainder when 136 is divided by x.
31
Calculate the remainder when 2520/13 - 30/(-195) is divided by 67.
60
Suppose 32*c + 407 = 43*c. Calculate the remainder when 369 is divided by c.
36
Suppose -14*f + 271 - 75 = 0. Suppose 6 = 2*a - f. Calculate the remainder when a is divided by 6.
4
Let d(b) = -11*b**3 - 20*b**2 + 43*b + 9. Let i(f) = 5*f**3 + 10*f**2 - 21*f - 4. Let h(w) = 6*d(w) + 13*i(w). What is the remainder when 37 is divided by h(8)?
7
Suppose 2 + 16 = 4*h - 5*y, -2*y + 4 = 0. Suppose -5*n = -2*b + 73, n + 1 = -0*n. What is the remainder when b is divided by h?
6
Suppose -8*j = -11 - 21. Let q(u) = -u**3 + 5*u**2